 + 9*d**2 + 4*d + 1. Let i be r(-6). Calculate the greatest common factor of 17 and i.
17
Suppose -3*t + t = -4*a + 204, 5*t + 160 = 3*a. Suppose 0 = -4*h - 14 + a. What is the greatest common factor of h and 6?
3
Suppose -33*t + 29*t = -132. What is the highest common divisor of t and 363?
33
Suppose 2*q = -3*q - 10. Let r be 38/5*(q - -7). Suppose 19*g = 10*g + 855. What is the greatest common divisor of r and g?
19
Suppose 0 = 3*o - 23 + 5. Let w(n) = -n**2 + 8*n + 4. Let c be w(8). What is the greatest common factor of o and c?
2
Let o be -2*((-21)/6 - -2). Suppose -4*u + 3*s + 20 = -65, 0 = o*u - s - 65. Let h = u + -15. What is the greatest common factor of 56 and h?
7
Let q(i) = 11*i - 50. Let h be q(14). What is the highest common divisor of 13 and h?
13
Suppose -8 - 16 = -2*q - 2*c, -4*q + 2*c = -48. Suppose -b = -0 - q. What is the greatest common factor of b and 36?
12
Suppose 2*t - t - 77 = -x, -5*t = 0. Let g(i) = -i**2 - 7*i - 1. Let j be g(-4). Calculate the highest common factor of x and j.
11
Suppose -w = -5*w + 88. Calculate the greatest common divisor of 110 and w.
22
Suppose 0*f - 2 = -2*f. Let v be (7 + -5)/(f/2). Suppose -v*y + 3*n + 51 = 0, 4*y - 4*n - 29 = 27. Calculate the highest common factor of y and 99.
9
Let v be -1 + 0 + (-5 - -21). Calculate the greatest common divisor of 60 and v.
15
Let o(f) = f**3 + 7*f**2 - 10*f + 5. Let x be o(-8). Calculate the highest common divisor of 63 and x.
21
Let q(n) = 126*n. Let c be q(1). What is the highest common divisor of 18 and c?
18
Suppose 5*x - 674 = -o, -3*x - o + 303 + 101 = 0. What is the highest common divisor of x and 30?
15
Let t(x) = -4*x + 6*x + 0 - 4*x - 6. Let n be t(-4). What is the greatest common divisor of 16 and n?
2
Suppose -5*m - 20 = 0, 2*g + 4*m - 3*m = 38. What is the greatest common divisor of 105 and g?
21
Let o be (-8)/24 - (-170)/6. What is the highest common factor of o and 7?
7
Let y be 84/(-15) - (-2)/(-5). Let a(h) = -h**2 - 8*h - 9. Let c be a(y). Calculate the greatest common divisor of 3 and c.
3
Suppose -3*z - 6 = -2*s, 0 = 3*z + 2*z + 10. Suppose s*l + 3*l - 23 = -a, -2*l + 2*a = -10. What is the highest common factor of 77 and l?
7
Let p(n) be the first derivative of -n**4/4 + 8*n**3/3 - 4*n**2 - 1. Let j be -4*3/(-18) + 32/6. Let w be p(j). What is the greatest common factor of w and 8?
8
Let d be 8/((10/17)/5). Suppose -8 = 6*w - d. Calculate the highest common factor of 4 and w.
2
Let t = -2 - -2. Suppose t = a - 2*f - 124, 5*a - 741 = -5*f - 106. What is the greatest common factor of a and 14?
14
Let i(o) = -o**3 + 6*o**2 - 7*o + 4. Let k be i(5). Let w be (-10)/(-3) + 2/k. Let u = -24 - -45. What is the greatest common factor of w and u?
3
Suppose -39*l + 135 = -34*l. Calculate the greatest common divisor of 36 and l.
9
Let q = -11 + -7. Let g(f) = -2*f**2 + 9*f + 6. Let c be g(7). Let x = q - c. What is the greatest common factor of 44 and x?
11
Let c be (0 + 0 + 11)*(-2 - -8). Let q be 2/(-9) + (-600)/(-27). What is the greatest common factor of q and c?
22
Let d(p) be the third derivative of p**4/24 - p**3/2 - 3*p**2. Let o be d(3). Suppose o = k + 3*k - 68. Calculate the greatest common divisor of 17 and k.
17
Suppose 3*h - 72 = -5*n, 3*n - 5*h + 10*h - 56 = 0. What is the greatest common factor of 6 and n?
6
Let w(v) = -v**2 + 4*v + 6. Let f be w(5). Let o = -30 - -62. Suppose r + 2*n = -4*r + o, 8 = 2*r + 2*n. What is the highest common factor of f and r?
1
Suppose -6 = 2*y, m = -m + 2*y + 14. Calculate the highest common factor of 12 and m.
4
Let d(s) = 2*s**2 + 4*s + 3. Let y be d(-2). Let v be ((-8)/y)/(6/18). Let p be (15/(-12))/(1/v). Calculate the greatest common factor of p and 30.
10
Let i(y) = 9*y - 6. Let s be i(4). What is the greatest common divisor of 6 and s?
6
Let i = 86 + -16. What is the highest common factor of 175 and i?
35
Let p(c) = -10*c**3 - c**2 + 3*c + 2. Let y be p(-2). Calculate the greatest common divisor of 180 and y.
36
Suppose -2*i = 2*l - 14, -11 = i + 4*l - 30. Suppose i*p - 2*p = 72. What is the highest common divisor of p and 8?
8
Suppose 1 = -p + 23. Let z be -3*p/6*-2. What is the highest common factor of z and 2?
2
Suppose 2 + 16 = n. Suppose 11*s = -6*s + 204. Calculate the greatest common factor of n and s.
6
Let q be (-1)/(4 - 4900/1224). Suppose 5*o = -5*k + 370, -4*o + 2*k = k - q. What is the highest common divisor of 19 and o?
19
Suppose -u - 3*u = -88. Suppose 2*q - u = -8. Calculate the greatest common factor of 70 and q.
7
Let l(x) = -x**3 + 5*x**2 + 13*x - 9. Let o be l(6). What is the highest common divisor of 22 and o?
11
Suppose -3*j = -j. Suppose -4*l + j*l + 64 = 0. Suppose 0 = 4*n - n - 528. What is the greatest common divisor of n and l?
16
Let q(a) = -2*a**2 + 13*a + 4. Let u be q(6). Let v = -142 + 212. Calculate the greatest common factor of v and u.
10
Let r be 1/(-2) - 41/(-2). Calculate the highest common divisor of 80 and r.
20
Let c = 31 + -15. What is the highest common factor of c and 40?
8
Let w(v) = -9*v - 1. Let b be w(-3). Let z = 39 - b. Calculate the greatest common factor of z and 13.
13
Let o be (3 + -2)/(12/168). What is the highest common divisor of 2 and o?
2
Let c(v) = 4*v - 3*v + 3 + 0 + 4. Let f be c(7). Calculate the greatest common factor of f and 14.
14
Suppose 2*u - 232 = 164. Suppose 0 = -4*w + 2*x + u, -2*w - 3*x = -x - 102. Suppose -m - 80 = -5*m. Calculate the highest common divisor of m and w.
10
Let f(m) = -m**2 - 9*m - 1. Let w be f(-7). Let q = -8 - -21. Calculate the highest common divisor of q and w.
13
Let o(k) = -k - 5. Let v be o(-5). Suppose 0*s - 4*s + 8 = v. Let m be -12*s/4*-3. Calculate the greatest common factor of 9 and m.
9
Let u(t) = -t**3 - 2*t**2 + 1. Let v be u(-5). Let n = 19 + -23. Let p be -1*(n - 45/3). Calculate the highest common divisor of p and v.
19
Let b(j) = -j**3 + 7*j**2 + j - 2. Let i be b(7). Suppose -2*m - 70 = -6*m + i*x, 2*m - 26 = -2*x. Calculate the highest common divisor of 15 and m.
15
Let u(h) = -h**3 - 4*h**2 + 6*h + 3. Let x be u(-5). Let j be x/(-12) + 1000/48. Calculate the greatest common factor of 21 and j.
21
Let h be (-10)/((-1)/(-2)*-2). Calculate the highest common factor of h and 2.
2
Suppose -3 = -2*r + 1. Let d(m) be the first derivative of m**3/3 + 5*m**2/2 - 5*m + 3. Let a be d(-6). Calculate the greatest common factor of r and a.
1
Let c = -4 - -6. Suppose -138 + 28 = -c*s. What is the greatest common divisor of s and 22?
11
Let u(y) = -y**3 - 6*y**2 + 6*y + 6. Let h be u(-7). Calculate the highest common divisor of h and 143.
13
Let h(t) = 59*t**2 + 12*t + 13. Let c(r) = -15*r**2 - 3*r - 3. Let f(b) = -9*c(b) - 2*h(b). Let k be f(-1). Calculate the highest common factor of k and 45.
15
Let n(r) = -2*r**2 + 1. Let q(i) = -i**2. Let s(u) = -n(u) - 3*q(u). Let l be s(4). Let g = l - 47. What is the greatest common factor of g and 4?
4
Let o = 11 - 27. Let y be ((-714)/4)/(12/o). Suppose -5*p + 0*m = -4*m - y, -5*m = 5*p - 265. What is the highest common divisor of p and 10?
10
Suppose 0 = -5*y + 2*o + 39, -5*y + 3*o + 22 + 19 = 0. What is the greatest common divisor of 7 and y?
7
Let p = 870 + -408. What is the highest common factor of 42 and p?
42
Let s be (4 - (4 - -1))*-3 + 0. What is the greatest common factor of s and 27?
3
Let d be 9/(-27) - (-16)/3. Suppose k + 3*k - 240 = -4*u, -4*u + 237 = d*k. Calculate the greatest common factor of 7 and u.
7
Let x = 8 - 5. Let l(b) = b**2 - 3. Let y be l(x). Calculate the highest common factor of y and 12.
6
Let u = 12 + -6. Let r be (1 - -2)/(u/2). Let c be (11/(-2))/(r/(-2)). What is the greatest common divisor of 121 and c?
11
Suppose -4*a = a - 90. Calculate the greatest common factor of a and 2.
2
Suppose -5*h - 5*d = -445, -4*h - d = d - 348. Calculate the highest common divisor of h and 34.
17
Let c(m) = 5*m - 31. Let w be c(17). Calculate the highest common divisor of w and 27.
27
Suppose p - 19 = -7. What is the highest common factor of p and 48?
12
Suppose 0 = j - 0 - 4. Let a = 166 - 80. Suppose 10 = -4*r - r, 3*q = -5*r + a. Calculate the greatest common factor of q and j.
4
Let m be 0 - (-47 + -1 + -1). Let x = 3 + 4. Calculate the highest common factor of m and x.
7
Let i = -173 - -102. Let y be (-1)/1 - (7 + i). Calcula